 of 6105?
3, 5, 11, 37
What are the prime factors of 985?
5, 197
What are the prime factors of 1051?
1051
What are the prime factors of 1961?
37, 53
List the prime factors of 5908.
2, 7, 211
List the prime factors of 10634.
2, 13, 409
List the prime factors of 66687.
3, 22229
List the prime factors of 1131.
3, 13, 29
List the prime factors of 41168.
2, 31, 83
What are the prime factors of 29499?
3, 9833
What are the prime factors of 2911?
41, 71
List the prime factors of 172079.
172079
What are the prime factors of 27751?
27751
What are the prime factors of 112565?
5, 47, 479
List the prime factors of 14140.
2, 5, 7, 101
What are the prime factors of 1631?
7, 233
List the prime factors of 7873.
7873
What are the prime factors of 7064?
2, 883
What are the prime factors of 12429?
3, 1381
List the prime factors of 6352.
2, 397
List the prime factors of 20245.
5, 4049
What are the prime factors of 1891?
31, 61
List the prime factors of 15049.
101, 149
What are the prime factors of 6356?
2, 7, 227
List the prime factors of 1008.
2, 3, 7
List the prime factors of 624.
2, 3, 13
What are the prime factors of 283?
283
What are the prime factors of 859?
859
List the prime factors of 28689.
3, 73, 131
What are the prime factors of 1230?
2, 3, 5, 41
What are the prime factors of 347?
347
What are the prime factors of 60094?
2, 30047
List the prime factors of 915.
3, 5, 61
What are the prime factors of 47223?
3, 11, 53
What are the prime factors of 139167?
3, 7, 47
What are the prime factors of 1839?
3, 613
What are the prime factors of 22182?
2, 3, 3697
What are the prime factors of 15862?
2, 7, 11, 103
What are the prime factors of 10589?
10589
What are the prime factors of 3528?
2, 3, 7
What are the prime factors of 41293?
7, 17, 347
What are the prime factors of 22676?
2, 5669
What are the prime factors of 88510?
2, 5, 53, 167
List the prime factors of 29.
29
What are the prime factors of 26208?
2, 3, 7, 13
What are the prime factors of 3041?
3041
What are the prime factors of 1097?
1097
What are the prime factors of 605?
5, 11
List the prime factors of 177.
3, 59
List the prime factors of 42490.
2, 5, 7, 607
List the prime factors of 1408.
2, 11
What are the prime factors of 279?
3, 31
List the prime factors of 958.
2, 479
What are the prime factors of 4388?
2, 1097
List the prime factors of 31577.
7, 13, 347
List the prime factors of 30223.
30223
List the prime factors of 4983.
3, 11, 151
What are the prime factors of 5847?
3, 1949
List the prime factors of 5210.
2, 5, 521
List the prime factors of 9996.
2, 3, 7, 17
List the prime factors of 1672.
2, 11, 19
List the prime factors of 49756.
2, 7, 1777
List the prime factors of 1664.
2, 13
What are the prime factors of 2895?
3, 5, 193
List the prime factors of 410.
2, 5, 41
What are the prime factors of 2217?
3, 739
List the prime factors of 1732.
2, 433
What are the prime factors of 3414?
2, 3, 569
List the prime factors of 322.
2, 7, 23
What are the prime factors of 623?
7, 89
What are the prime factors of 1167?
3, 389
List the prime factors of 1544.
2, 193
What are the prime factors of 110755?
5, 17, 1303
What are the prime factors of 45333?
3, 23, 73
List the prime factors of 20076.
2, 3, 7, 239
What are the prime factors of 26518?
2, 13259
List the prime factors of 22084.
2, 5521
What are the prime factors of 2519?
11, 229
What are the prime factors of 40646?
2, 20323
List the prime factors of 42608.
2, 2663
List the prime factors of 3024.
2, 3, 7
What are the prime factors of 23474?
2, 11, 97
What are the prime factors of 11985?
3, 5, 17, 47
List the prime factors of 1328.
2, 83
List the prime factors of 18170.
2, 5, 23, 79
What are the prime factors of 37743?
3, 23, 547
List the prime factors of 41635.
5, 11, 757
What are the prime factors of 12234?
2, 3, 2039
What are the prime factors of 4365?
3, 5, 97
List the prime factors of 142268.
2, 7, 5081
List the prime factors of 27593.
41, 673
What are the prime factors of 37245?
3, 5, 13, 191
List the prime factors of 194.
2, 97
What are the prime factors of 1354?
2, 677
What are the prime factors of 421?
421
What are the prime factors of 7393?
7393
What are the prime factors of 16474?
2, 8237
List the prime factors of 1620.
2, 3, 5
List the prime factors of 42785.
5, 43, 199
What are the prime factors of 10991?
29, 379
List the prime factors of 70393.
70393
What are the prime factors of 27950?
2, 5, 13, 43
What are the prime factors of 4392?
2, 3, 61
What are the prime factors of 8562?
2, 3, 1427
What are the prime factors of 877?
877
List the prime factors of 30795.
3, 5, 2053
What are the prime factors of 70338?
2, 3, 19, 617
List the prime factors of 10015.
5, 2003
What are the prime factors of 52094?
2, 7, 61
List the prime factors of 1286.
2, 643
List the prime factors of 11796.
2, 3, 983
What are the prime factors of 43851?
3, 47, 311
What are the prime factors of 1159?
19, 61
List the prime factors of 768.
2, 3
What are the prime factors of 2808?
2, 3, 13
List the prime factors of 8241.
3, 41, 67
List the prime factors of 514.
2, 257
List the prime factors of 366.
2, 3, 61
What are the prime factors of 479?
479
List the prime factors of 44865.
3, 5, 997
List the prime factors of 243.
3
What are the prime factors of 172026?
2, 3, 19, 503
List the prime factors of 41140.
2, 5, 11, 17
What are the prime factors of 20936?
2, 2617
List the prime factors of 169829.
11, 15439
What are the prime factors of 897?
3, 13, 23
List the prime factors of 68701.
23, 29, 103
List the prime factors of 1027.
13, 79
List the prime factors of 699.
3, 233
What are the prime factors of 7746?
2, 3, 1291
List the prime factors of 2990.
2, 5, 13, 23
List the prime factors of 28997.
107, 271
What are the prime factors of 515?
5, 103
List the prime factors of 7918.
2, 37, 107
List the prime factors of 2453.
11, 223
List the prime factors of 20651.
107, 193
What are the prime factors of 17815?
5, 7, 509
List the prime factors of 52577.
7, 29, 37
What are the prime factors of 5689?
5689
What are the prime factors of 7661?
47, 163
List the prime factors of 4158.
2, 3, 7, 11
What are the prime factors of 3846?
2, 3, 641
List the prime factors of 135384.
2, 3, 5641
What are the prime factors of 3622?
2, 1811
What are the prime factors of 1225?
5, 7
What are the prime factors of 9710?
2, 5, 971
What are the prime factors of 124182?
2, 3, 6899
What are the prime factors of 9120?
2, 3, 5, 19
What are the prime factors of 59319?
3, 13
List the prime factors of 4772.
2, 1193
What are the prime factors of 3108?
2, 3, 7, 37
List the prime factors of 155.
5, 31
What are the prime factors of 1438?
2, 719
What are the prime factors of 2027?
2027
List the prime factors of 3060.
2, 3, 5, 17
List the prime factors of 7085.
5, 13, 109
List the prime factors of 8680.
2, 5, 7, 31
What are the prime factors of 635?
5, 127
List the prime factors of 88.
2, 11
What are the prime factors of 40984?
2, 47, 109
List the prime factors of 23068.
2, 73, 79
List the prime factors of 4631.
11, 421
List the prime factors of 990.
2, 3, 5, 11
List the prime factors of 1288.
2, 7, 23
What are the prime factors of 2295?
3, 5, 17
List the prime factors of 22930.
2, 5, 2293
List the prime factors of 2151.
3, 239
What are the prime factors of 10770?
2, 3, 5, 359
What are the prime factors of 85565?
5, 109, 157
List the prime factors of 85751.
85751
What are the prime factors of 56445?
3, 5, 53, 71
What are the prime factors of 2663?
2663
List the prime factors of 8852.
2, 2213
List the prime factors of 34263.
3, 47
What are the prime factors of 22338?
2, 3, 17, 73
List the prime factors of 4310.
2, 5, 431
List the prime factors of 8496.
2, 3, 59
What are the prime factors of 5459?
53, 103
What are the prime factors of 6178?
2, 3089
What are the prime factors of 13981?
11, 31, 41
List the prime factors of 364.
2, 7, 13
List the prime factors of 8458.
2, 4229
What are the prime factors of 148032?
2, 3, 257
List the prime factors of 34409.
19, 1811
What are the prime factors of 24325?
5, 7, 139
What are the prime factors of 94650?
2, 3, 5, 631
List the prime factors of 144825.
3, 5, 1931
What are the prime factors of 1118?
2, 13, 43
List the prime factors of 5702.
2, 2851
List the prime factors of 9139.
13, 1